{"id":201,"date":"2025-12-09T14:03:47","date_gmt":"2025-12-09T14:03:47","guid":{"rendered":"https:\/\/trissbau.de\/?page_id=201"},"modified":"2025-12-11T23:35:05","modified_gmt":"2025-12-11T23:35:05","slug":"schlusselfertiges-bauen","status":"publish","type":"page","link":"https:\/\/trissbau.de\/?page_id=201","title":{"rendered":"Schl\u00fcsselfertiges Bauen"},"content":{"rendered":"\t\t<div data-elementor-type=\"wp-page\" data-elementor-id=\"201\" class=\"elementor elementor-201\" data-elementor-post-type=\"page\">\n\t\t\t\t<div class=\"elementor-element elementor-element-744904b1 e-flex e-con-boxed e-con e-parent\" data-id=\"744904b1\" data-element_type=\"container\" data-settings=\"{&quot;background_background&quot;:&quot;classic&quot;,&quot;shape_divider_bottom&quot;:&quot;curve&quot;}\">\n\t\t\t\t\t<div class=\"e-con-inner\">\n\t\t\t\t<div class=\"elementor-shape elementor-shape-bottom\" aria-hidden=\"true\" data-negative=\"false\">\n\t\t\t<svg xmlns=\"http:\/\/www.w3.org\/2000\/svg\" viewBox=\"0 0 1000 100\" preserveAspectRatio=\"none\">\n    <path class=\"elementor-shape-fill\" d=\"M1000,4.3V0H0v4.3C0.9,23.1,126.7,99.2,500,100S1000,22.7,1000,4.3z\"\/>\n<\/svg>\t\t<\/div>\n\t\t\t\t<div class=\"elementor-element elementor-element-6f78bd88 elementor-widget elementor-widget-heading\" data-id=\"6f78bd88\" data-element_type=\"widget\" data-widget_type=\"heading.default\">\n\t\t\t\t\t<h2 class=\"elementor-heading-title elementor-size-default\">Komplette Bauausf\u00fchrung aus einer Hand \u2013 von der Planung bis zur bezugsfertigen \u00dcbergabe<\/h2>\t\t\t\t<\/div>\n\t\t\t\t<div class=\"elementor-element elementor-element-5468d7da elementor-widget elementor-widget-text-editor\" data-id=\"5468d7da\" data-element_type=\"widget\" data-widget_type=\"text-editor.default\">\n\t\t\t\t\t\t\t\t\t<p data-start=\"291\" data-end=\"637\">Beim schl\u00fcsselfertigen Bauen \u00fcbernimmt TRISS-BAU die vollst\u00e4ndige Koordination und Umsetzung Ihres Bauprojekts. Von der ersten Idee bis zur \u00dcbergabe der fertigen Immobilie sorgen wir f\u00fcr reibungslose Abl\u00e4ufe, h\u00f6chste Qualit\u00e4t und absolute Terminsicherheit. Sie erhalten ein komplett fertiges Objekt \u2013 ohne Stress, ohne organisatorische Belastung.<\/p>\t\t\t\t\t\t\t\t<\/div>\n\t\t\t\t<div class=\"elementor-element elementor-element-4533ac61 elementor-widget elementor-widget-button\" data-id=\"4533ac61\" data-element_type=\"widget\" data-widget_type=\"button.default\">\n\t\t\t\t\t\t\t\t\t\t<a class=\"elementor-button elementor-button-link elementor-size-sm\" href=\"https:\/\/api.whatsapp.com\/send?phone=+491792242727\">\n\t\t\t\t\t\t<span class=\"elementor-button-content-wrapper\">\n\t\t\t\t\t\t\t\t\t<span class=\"elementor-button-text\">Kontaktieren Sie uns<\/span>\n\t\t\t\t\t<\/span>\n\t\t\t\t\t<\/a>\n\t\t\t\t\t\t\t\t<\/div>\n\t\t\t\t\t<\/div>\n\t\t\t\t<\/div>\n\t\t<div class=\"elementor-element elementor-element-5f467a4f e-con-full e-flex e-con e-parent\" data-id=\"5f467a4f\" data-element_type=\"container\">\n\t\t<div class=\"elementor-element elementor-element-500beca8 e-con-full e-flex e-con e-child\" data-id=\"500beca8\" data-element_type=\"container\">\n\t\t<div class=\"elementor-element elementor-element-74f5019c e-con-full e-flex e-con e-child\" data-id=\"74f5019c\" data-element_type=\"container\">\n\t\t\t\t<div class=\"elementor-element elementor-element-2ca05a23 elementor-widget elementor-widget-text-editor\" data-id=\"2ca05a23\" data-element_type=\"widget\" data-widget_type=\"text-editor.default\">\n\t\t\t\t\t\t\t\t\t<h4 data-start=\"644\" data-end=\"679\"><strong data-start=\"647\" data-end=\"677\">Koordination aller Gewerke<\/strong><\/h4><p data-start=\"680\" data-end=\"821\">Wir \u00fcbernehmen die professionelle Abstimmung s\u00e4mtlicher handwerklicher Leistungen, damit Ihr Projekt effizient und harmonisch voranschreitet.<\/p><p data-start=\"823\" data-end=\"854\"><strong data-start=\"823\" data-end=\"852\">Unsere Aufgaben umfassen:<\/strong><\/p><ul data-start=\"855\" data-end=\"1042\"><li data-start=\"855\" data-end=\"902\"><p data-start=\"857\" data-end=\"902\">Organisation aller beteiligten Fachbetriebe<\/p><\/li><li data-start=\"903\" data-end=\"940\"><p data-start=\"905\" data-end=\"940\">Zeitplanung und Termin\u00fcberwachung<\/p><\/li><li data-start=\"941\" data-end=\"994\"><p data-start=\"943\" data-end=\"994\">Qualit\u00e4tskontrollen w\u00e4hrend der gesamten Bauphase<\/p><\/li><li data-start=\"995\" data-end=\"1042\"><p data-start=\"997\" data-end=\"1042\">Direkte Kommunikation und Projektbegleitung<\/p><\/li><\/ul><hr data-start=\"1044\" data-end=\"1047\" \/><h4 data-start=\"1049\" data-end=\"1095\"><strong data-start=\"1052\" data-end=\"1093\">Bauausf\u00fchrung nach modernen Standards<\/strong><\/h4><p data-start=\"1096\" data-end=\"1265\">Alle Arbeiten werden nach aktuellen technischen und gesetzlichen Vorgaben ausgef\u00fchrt. Wir setzen auf moderne Materialien, effiziente Bauprozesse und langlebige L\u00f6sungen.<\/p><p data-start=\"1267\" data-end=\"1282\"><strong data-start=\"1267\" data-end=\"1280\">Vorteile:<\/strong><\/p><ul data-start=\"1283\" data-end=\"1468\"><li data-start=\"1283\" data-end=\"1330\"><p data-start=\"1285\" data-end=\"1330\">Hohe Bauqualit\u00e4t durch erfahrene Fachkr\u00e4fte<\/p><\/li><li data-start=\"1331\" data-end=\"1377\"><p data-start=\"1333\" data-end=\"1377\">Nachhaltige und energieeffiziente Bauweise<\/p><\/li><li data-start=\"1378\" data-end=\"1419\"><p data-start=\"1380\" data-end=\"1419\">Pr\u00e4zise Umsetzung Ihrer Anforderungen<\/p><\/li><li data-start=\"1420\" data-end=\"1468\"><p data-start=\"1422\" data-end=\"1468\">Minimierung von Risiken und Bauverz\u00f6gerungen<\/p><\/li><\/ul><hr data-start=\"1470\" data-end=\"1473\" \/><h4 data-start=\"1475\" data-end=\"1515\"><strong data-start=\"1478\" data-end=\"1513\">\u00dcbergabe bezugsfertiger Objekte<\/strong><\/h4><p data-start=\"1516\" data-end=\"1663\">Nach Abschluss aller Gewerke \u00fcbergeben wir Ihnen das Objekt vollst\u00e4ndig fertiggestellt \u2013 bereit zur Nutzung, ohne dass weitere Arbeiten n\u00f6tig sind.<\/p><p data-start=\"1665\" data-end=\"1684\"><strong data-start=\"1665\" data-end=\"1682\">Sie erhalten:<\/strong><\/p><ul data-start=\"1685\" data-end=\"1881\"><li data-start=\"1685\" data-end=\"1718\"><p data-start=\"1687\" data-end=\"1718\">Ein komplett fertiges Geb\u00e4ude<\/p><\/li><li data-start=\"1719\" data-end=\"1777\"><p data-start=\"1721\" data-end=\"1777\">Saubere, strukturierte und kontrollierte Endausf\u00fchrung<\/p><\/li><li data-start=\"1778\" data-end=\"1817\"><p data-start=\"1780\" data-end=\"1817\">Abnahmeprotokolle und Dokumentation<\/p><\/li><li data-start=\"1818\" data-end=\"1881\"><p data-start=\"1820\" data-end=\"1881\">Absolute Klarheit und Transparenz \u00fcber den gesamten Prozess<\/p><\/li><\/ul>\t\t\t\t\t\t\t\t<\/div>\n\t\t\t\t<\/div>\n\t\t<div class=\"elementor-element elementor-element-49718260 e-con-full e-flex e-con e-child\" data-id=\"49718260\" data-element_type=\"container\" data-settings=\"{&quot;background_background&quot;:&quot;classic&quot;}\">\n\t\t<div class=\"elementor-element elementor-element-3e7dc23 e-con-full e-flex e-con e-child\" data-id=\"3e7dc23\" data-element_type=\"container\" data-settings=\"{&quot;background_background&quot;:&quot;classic&quot;}\">\n\t\t\t\t<div class=\"elementor-element elementor-element-1a9cccce elementor-widget elementor-widget-heading\" data-id=\"1a9cccce\" data-element_type=\"widget\" data-widget_type=\"heading.default\">\n\t\t\t\t\t<h4 class=\"elementor-heading-title elementor-size-default\">Warum TRISS-BAU f\u00fcr schl\u00fcsselfertiges Bauen?<\/h4>\t\t\t\t<\/div>\n\t\t\t\t<div class=\"elementor-element elementor-element-53eca591 elementor-widget elementor-widget-text-editor\" data-id=\"53eca591\" data-element_type=\"widget\" data-widget_type=\"text-editor.default\">\n\t\t\t\t\t\t\t\t\t<ul><li data-start=\"1944\" data-end=\"1998\">Ein einziger Ansprechpartner f\u00fcr das gesamte Projekt<\/li><li data-start=\"1944\" data-end=\"1998\">Transparente Kostenstruktur und zuverl\u00e4ssige Zeitplanung<\/li><li data-start=\"2001\" data-end=\"2059\">Hohe handwerkliche Qualit\u00e4t und professionelle Bauleitung<\/li><li data-start=\"2062\" data-end=\"2121\">Individuelle L\u00f6sungen f\u00fcr Wohn- und Gewerbebauten<\/li><li data-start=\"2062\" data-end=\"2121\">Stressfreie Umsetzung durch vollst\u00e4ndige Projekt\u00fcbernahme<\/li><\/ul>\t\t\t\t\t\t\t\t<\/div>\n\t\t\t\t<div class=\"elementor-element elementor-element-2cc1246 elementor-button-align-stretch elementor-widget elementor-widget-form\" data-id=\"2cc1246\" data-element_type=\"widget\" data-settings=\"{&quot;step_next_label&quot;:&quot;Next&quot;,&quot;step_previous_label&quot;:&quot;Previous&quot;,&quot;button_width&quot;:&quot;100&quot;,&quot;step_type&quot;:&quot;number_text&quot;,&quot;step_icon_shape&quot;:&quot;circle&quot;}\" data-widget_type=\"form.default\">\n\t\t\t\t\t\t\t<form class=\"elementor-form\" method=\"post\" name=\"New Form\" aria-label=\"New Form\">\n\t\t\t<input type=\"hidden\" name=\"post_id\" value=\"201\"\/>\n\t\t\t<input type=\"hidden\" name=\"form_id\" value=\"2cc1246\"\/>\n\t\t\t<input type=\"hidden\" name=\"referer_title\" value=\"\" \/>\n\n\t\t\t\n\t\t\t<div class=\"elementor-form-fields-wrapper elementor-labels-above\">\n\t\t\t\t\t\t\t\t<div class=\"elementor-field-type-html elementor-field-group elementor-column elementor-field-group-field_957d853 elementor-col-100\">\n\t\t\t\t\tProfitieren Sie jetzt von der staatlichen Pr\u00e4mie und sparen Sie bis zu 50%.\t\t\t\t<\/div>\n\t\t\t\t\t\t\t\t<div class=\"elementor-field-type-checkbox elementor-field-group elementor-column elementor-field-group-field_d1822c7 elementor-col-100\">\n\t\t\t\t\t\t\t\t\t\t\t\t<label for=\"form-field-field_d1822c7\" class=\"elementor-field-label\">\n\t\t\t\t\t\t\t\tIn welchem \u200b\u200bBereich m\u00f6chten Sie Geld sparen?\t\t\t\t\t\t\t<\/label>\n\t\t\t\t\t\t<div class=\"elementor-field-subgroup  elementor-subgroup-inline\"><span class=\"elementor-field-option\"><input type=\"checkbox\" value=\"Fasaden &amp; W\u00e4rmed\u00e4mmung\" id=\"form-field-field_d1822c7-0\" name=\"form_fields[field_d1822c7][]\"> <label for=\"form-field-field_d1822c7-0\">Fasaden & W\u00e4rmed\u00e4mmung<\/label><\/span><span class=\"elementor-field-option\"><input type=\"checkbox\" value=\"Energetische Sanierung\" id=\"form-field-field_d1822c7-1\" name=\"form_fields[field_d1822c7][]\"> <label for=\"form-field-field_d1822c7-1\">Energetische Sanierung<\/label><\/span><span class=\"elementor-field-option\"><input type=\"checkbox\" value=\"Innenausbau &amp; Trockenbau\" id=\"form-field-field_d1822c7-2\" name=\"form_fields[field_d1822c7][]\"> <label for=\"form-field-field_d1822c7-2\">Innenausbau & Trockenbau<\/label><\/span><span class=\"elementor-field-option\"><input type=\"checkbox\" value=\"Maler- &amp; Putzarbeiten \/ Renovierung\" id=\"form-field-field_d1822c7-3\" name=\"form_fields[field_d1822c7][]\"> <label for=\"form-field-field_d1822c7-3\">Maler- & Putzarbeiten \/ Renovierung<\/label><\/span><span class=\"elementor-field-option\"><input type=\"checkbox\" value=\"Abriss \/ Demontage\" id=\"form-field-field_d1822c7-4\" name=\"form_fields[field_d1822c7][]\"> <label for=\"form-field-field_d1822c7-4\">Abriss \/ Demontage<\/label><\/span><span class=\"elementor-field-option\"><input type=\"checkbox\" value=\"Schl\u00fcsselfertiges Bauen\" id=\"form-field-field_d1822c7-5\" name=\"form_fields[field_d1822c7][]\"> <label for=\"form-field-field_d1822c7-5\">Schl\u00fcsselfertiges Bauen<\/label><\/span><span class=\"elementor-field-option\"><input type=\"checkbox\" value=\"Planung &amp; Projektierung\" id=\"form-field-field_d1822c7-6\" name=\"form_fields[field_d1822c7][]\"> <label for=\"form-field-field_d1822c7-6\">Planung & Projektierung<\/label><\/span><span class=\"elementor-field-option\"><input type=\"checkbox\" value=\"Zusammenarbeit mit Architekten &amp; Ingenieuren\" id=\"form-field-field_d1822c7-7\" name=\"form_fields[field_d1822c7][]\"> <label for=\"form-field-field_d1822c7-7\">Zusammenarbeit mit Architekten & Ingenieuren<\/label><\/span><\/div>\t\t\t\t<\/div>\n\t\t\t\t\t\t\t\t<div class=\"elementor-field-type-text elementor-field-group elementor-column elementor-field-group-name elementor-col-100\">\n\t\t\t\t\t\t\t\t\t\t\t\t<label for=\"form-field-name\" class=\"elementor-field-label\">\n\t\t\t\t\t\t\t\tName\t\t\t\t\t\t\t<\/label>\n\t\t\t\t\t\t\t\t\t\t\t\t\t\t<input size=\"1\" type=\"text\" name=\"form_fields[name]\" id=\"form-field-name\" class=\"elementor-field elementor-size-sm  elementor-field-textual\" placeholder=\"Name\">\n\t\t\t\t\t\t\t\t\t\t\t<\/div>\n\t\t\t\t\t\t\t\t<div class=\"elementor-field-type-text elementor-field-group elementor-column elementor-field-group-email elementor-col-100 elementor-field-required\">\n\t\t\t\t\t\t\t\t\t\t\t\t<label for=\"form-field-email\" class=\"elementor-field-label\">\n\t\t\t\t\t\t\t\tAddresse\t\t\t\t\t\t\t<\/label>\n\t\t\t\t\t\t\t\t\t\t\t\t\t\t<input size=\"1\" type=\"text\" name=\"form_fields[email]\" id=\"form-field-email\" class=\"elementor-field elementor-size-sm  elementor-field-textual\" placeholder=\"Tragen Sie hier Ihre Adresse ein\" required=\"required\">\n\t\t\t\t\t\t\t\t\t\t\t<\/div>\n\t\t\t\t\t\t\t\t<div class=\"elementor-field-type-tel elementor-field-group elementor-column elementor-field-group-field_283a91d elementor-col-50 elementor-field-required\">\n\t\t\t\t\t\t\t\t\t\t\t\t<label for=\"form-field-field_283a91d\" class=\"elementor-field-label\">\n\t\t\t\t\t\t\t\tTelefonnummer\t\t\t\t\t\t\t<\/label>\n\t\t\t\t\t\t\t\t<input size=\"1\" type=\"tel\" name=\"form_fields[field_283a91d]\" id=\"form-field-field_283a91d\" class=\"elementor-field elementor-size-sm  elementor-field-textual\" placeholder=\"Tragen Sie hier Ihre Telefonnummer ein.\" required=\"required\" pattern=\"[0-9()#&amp;+*-=.]+\" title=\"Only numbers and phone characters (#, -, *, etc) are accepted.\">\n\n\t\t\t\t\t\t<\/div>\n\t\t\t\t\t\t\t\t<div class=\"elementor-field-type-email elementor-field-group elementor-column elementor-field-group-field_1374a4a elementor-col-50 elementor-field-required\">\n\t\t\t\t\t\t\t\t\t\t\t\t<label for=\"form-field-field_1374a4a\" class=\"elementor-field-label\">\n\t\t\t\t\t\t\t\tEmail\t\t\t\t\t\t\t<\/label>\n\t\t\t\t\t\t\t\t\t\t\t\t\t\t<input size=\"1\" type=\"email\" name=\"form_fields[field_1374a4a]\" id=\"form-field-field_1374a4a\" class=\"elementor-field elementor-size-sm  elementor-field-textual\" placeholder=\"Geben Sie hier Ihre E-Mail-Adresse ein.\" required=\"required\">\n\t\t\t\t\t\t\t\t\t\t\t<\/div>\n\t\t\t\t\t\t\t\t<div class=\"elementor-field-type-textarea elementor-field-group elementor-column elementor-field-group-message elementor-col-100\">\n\t\t\t\t\t\t\t\t\t\t\t\t<label for=\"form-field-message\" class=\"elementor-field-label\">\n\t\t\t\t\t\t\t\tNachricht\t\t\t\t\t\t\t<\/label>\n\t\t\t\t\t\t<textarea class=\"elementor-field-textual elementor-field  elementor-size-sm\" name=\"form_fields[message]\" id=\"form-field-message\" rows=\"4\" placeholder=\"Nachricht\"><\/textarea>\t\t\t\t<\/div>\n\t\t\t\t\t\t\t\t<div class=\"elementor-field-group elementor-column elementor-field-type-submit elementor-col-100 e-form__buttons\">\n\t\t\t\t\t<button class=\"elementor-button elementor-size-sm\" type=\"submit\">\n\t\t\t\t\t\t<span class=\"elementor-button-content-wrapper\">\n\t\t\t\t\t\t\t\t\t\t\t\t\t\t\t\t\t\t\t\t\t\t<span class=\"elementor-button-text\">Send<\/span>\n\t\t\t\t\t\t\t\t\t\t\t\t\t<\/span>\n\t\t\t\t\t<\/button>\n\t\t\t\t<\/div>\n\t\t\t<\/div>\n\t\t<\/form>\n\t\t\t\t\t\t<\/div>\n\t\t\t\t<\/div>\n\t\t\t\t<\/div>\n\t\t\t\t<\/div>\n\t\t\t\t<\/div>\n\t\t\t\t<\/div>\n\t\t","protected":false},"excerpt":{"rendered":"<p>Komplette Bauausf\u00fchrung aus einer Hand \u2013 von der Planung bis zur bezugsfertigen \u00dcbergabe Beim schl\u00fcsselfertigen Bauen \u00fcbernimmt TRISS-BAU die vollst\u00e4ndige Koordination und Umsetzung Ihres Bauprojekts. Von der ersten Idee bis zur \u00dcbergabe der fertigen Immobilie sorgen wir f\u00fcr reibungslose Abl\u00e4ufe, h\u00f6chste Qualit\u00e4t und absolute Terminsicherheit. Sie erhalten ein komplett fertiges Objekt \u2013 ohne Stress, ohne [&hellip;]<\/p>\n","protected":false},"author":1,"featured_media":0,"parent":0,"menu_order":0,"comment_status":"closed","ping_status":"closed","template":"elementor_header_footer","meta":{"footnotes":""},"class_list":["post-201","page","type-page","status-publish","hentry"],"_links":{"self":[{"href":"https:\/\/trissbau.de\/index.php?rest_route=\/wp\/v2\/pages\/201","targetHints":{"allow":["GET"]}}],"collection":[{"href":"https:\/\/trissbau.de\/index.php?rest_route=\/wp\/v2\/pages"}],"about":[{"href":"https:\/\/trissbau.de\/index.php?rest_route=\/wp\/v2\/types\/page"}],"author":[{"embeddable":true,"href":"https:\/\/trissbau.de\/index.php?rest_route=\/wp\/v2\/users\/1"}],"replies":[{"embeddable":true,"href":"https:\/\/trissbau.de\/index.php?rest_route=%2Fwp%2Fv2%2Fcomments&post=201"}],"version-history":[{"count":5,"href":"https:\/\/trissbau.de\/index.php?rest_route=\/wp\/v2\/pages\/201\/revisions"}],"predecessor-version":[{"id":335,"href":"https:\/\/trissbau.de\/index.php?rest_route=\/wp\/v2\/pages\/201\/revisions\/335"}],"wp:attachment":[{"href":"https:\/\/trissbau.de\/index.php?rest_route=%2Fwp%2Fv2%2Fmedia&parent=201"}],"curies":[{"name":"wp","href":"https:\/\/api.w.org\/{rel}","templated":true}]}}